{"version":"1.0","provider_name":"QIMBY","provider_url":"https:\/\/www.qimby.net\/","title":"Stadtgr\u00fcn in tempor\u00e4rer Rad- und Fu\u00dfg\u00e4ngerzone","web_page":"https:\/\/www.qimby.net\/image\/Stadtgr%C3%BCn-in-tempor%C3%A4rer-Rad-und-Fu%C3%9Fg%C3%A4ngerzone.RpBK","width":6000,"height":4000,"url":"https:\/\/www.qimby.net\/images\/2022\/04\/22\/stadtgrun-in-temporarer-rad-fussgangerzone.md.jpg","type":"photo","author_name":"herrschultheis","author_url":"\/herrschultheis","thumbnail_url":"https:\/\/www.qimby.net\/images\/2022\/04\/22\/stadtgrun-in-temporarer-rad-fussgangerzone.md.jpg","thumbnail_width":500,"thumbnail_height":333}

Stadtgrün in temporärer Rad- und Fußgängerzone
